{"id":13,"date":"2022-10-27T14:56:54","date_gmt":"2022-10-27T12:56:54","guid":{"rendered":"https:\/\/melancholia.fr\/racine\/?page_id=13"},"modified":"2022-10-27T18:03:45","modified_gmt":"2022-10-27T16:03:45","slug":"13-2","status":"publish","type":"page","link":"https:\/\/melancholia.fr\/racine\/13-2\/","title":{"rendered":"B\u00e9r\u00e9nice"},"content":{"rendered":"\n<div class=\"wp-block-columns is-layout-flex wp-container-core-columns-is-layout-9d6595d7 wp-block-columns-is-layout-flex\">\n<div class=\"wp-block-column is-layout-flow wp-block-column-is-layout-flow\">\n<p>ACTE PREMIER<\/p>\n\n\n\n<p>SCENE PREMIERE<\/p>\n\n\n\n<p>ANTIOCHUS, ARSACE.<\/p>\n\n\n\n<p><\/p>\n\n\n\n<p class=\"has-text-align-center\">ANTIOCHUS.<\/p>\n\n\n\n<p>   Arrestons un moment. La pompe de ces Lieux,<br>   Je le voy bien, Arsace, est nouvelle \u00e0 tes yeux.<br>   Souvent  ce Cabinet superbe &amp; solitaire,<br>   Des secrets de Titus est le d\u00e9positaire.<br>   C&rsquo;est icy quelquefois qu&rsquo;il se cache \u00e0 sa Cour,<br>   Lors qu&rsquo;il vient \u00e0 la Reyne expliquer son amour.<\/p>\n\n\n\n<p><\/p>\n<\/div>\n\n\n\n<div class=\"wp-block-column is-layout-flow wp-block-column-is-layout-flow\">\n<p>Acte I<\/p>\n\n\n\n<p>SCENE PREMIERE<\/p>\n\n\n\n<p>ANTIOCHUS, ARSACE.<\/p>\n\n\n\n<p><\/p>\n\n\n\n<p class=\"has-text-align-center\">ANTIOCHUS.<\/p>\n\n\n\n<p>Arrestons un moment. La pompe de ces Lieux,<br>Je le voi bien, Arsace, est nouvelle \u00e0 tes yeux.<br>Souvent ce Cabinet superbe &amp; solitaire,<br>Des secrets de Titus est le d\u00e9positaire.<br>C&rsquo;est ici quelquefois qu&rsquo;il se cache \u00e0 sa Cour,<br>Lors qu&rsquo;il vient \u00e0 la Reine expliquer son amour.<br>De son appartement cette porte est prochaine,<br>Et cet autre conduit dans celuy de la Reine.<br>Va chez elle. Di-luy qu&rsquo;importun \u00e0 regret,<br>J&rsquo;ose luy demander un entretien secret.<\/p>\n\n\n\n<p> <\/p>\n<\/div>\n<\/div>\n\n\n\n<div class=\"wp-block-columns is-layout-flex wp-container-core-columns-is-layout-9d6595d7 wp-block-columns-is-layout-flex\">\n<div class=\"wp-block-column is-layout-flow wp-block-column-is-layout-flow\">\n<p style=\"font-size:16px\">   Vous, Seigneur, importun Vous, cet Amy fidelle,<br>   Qu&rsquo;un soin si genereux interesse pour elle?<br>   Vous, cet Antiochus, son Amant autrefois;<br>   Vous, que l&rsquo;Orient conte entre ses plus grands Rois?<br>   Quoy d\u00e9j\u00e0 de Titus l&rsquo;Epouse en esperance,<br>   Ce rang entre elle &amp; vous met-il tant de distance ?<\/p>\n<\/div>\n\n\n\n<div class=\"wp-block-column is-layout-flow wp-block-column-is-layout-flow\">\n<p style=\"font-size:16px\">Vous, Seigneur, importun? Vous, cet Amy fidelle :<br>Qu&rsquo;un soin si genereux interesse pour elle ?<br>Vous, cet Antiochus, son Amant autrefois ;<br>Vous, que l&rsquo;Orient conte entre ses plus grands Rois ?<br>Quoy d\u00e9ja de Titus l&rsquo;Epouse en esperance,<br>Ce rang entre elle &amp; vous met-il tant de distance.<\/p>\n<\/div>\n\n\n\n<div class=\"wp-block-column is-layout-flow wp-block-column-is-layout-flow\">\n<p style=\"font-size:16px\">Vous, Seigneur, importun ? Vous cet Ami fidelle,<br>Qu&rsquo;un soin si genereux interesse pour elle ?<br>Vous, cet Antiochus, son Amant autrefois ;<br>Vous que l&rsquo;Orient conte entre ses plus grands Rois :<br>Quoy ! d\u00e9ja de Titus Epouse en esperance ,<br>Ce rang entre elle &amp; vous met-il tant distance ?<\/p>\n<\/div>\n<\/div>\n","protected":false},"excerpt":{"rendered":"<p>ACTE PREMIER SCENE PREMIERE ANTIOCHUS, ARSACE. ANTIOCHUS. Arrestons un moment. La pompe de ces Lieux, Je le voy bien, Arsace, est nouvelle \u00e0 tes yeux. Souvent ce Cabinet superbe &amp; solitaire, Des secrets de Titus est le d\u00e9positaire. C&rsquo;est icy quelquefois qu&rsquo;il se cache \u00e0 sa Cour, Lors qu&rsquo;il vient \u00e0 la Reyne expliquer son [&hellip;]<\/p>\n","protected":false},"author":1,"featured_media":0,"parent":0,"menu_order":0,"comment_status":"closed","ping_status":"closed","template":"templates\/template-full-width.php","meta":{"footnotes":""},"class_list":["post-13","page","type-page","status-publish","hentry"],"_links":{"self":[{"href":"https:\/\/melancholia.fr\/racine\/wp-json\/wp\/v2\/pages\/13","targetHints":{"allow":["GET"]}}],"collection":[{"href":"https:\/\/melancholia.fr\/racine\/wp-json\/wp\/v2\/pages"}],"about":[{"href":"https:\/\/melancholia.fr\/racine\/wp-json\/wp\/v2\/types\/page"}],"author":[{"embeddable":true,"href":"https:\/\/melancholia.fr\/racine\/wp-json\/wp\/v2\/users\/1"}],"replies":[{"embeddable":true,"href":"https:\/\/melancholia.fr\/racine\/wp-json\/wp\/v2\/comments?post=13"}],"version-history":[{"count":6,"href":"https:\/\/melancholia.fr\/racine\/wp-json\/wp\/v2\/pages\/13\/revisions"}],"predecessor-version":[{"id":27,"href":"https:\/\/melancholia.fr\/racine\/wp-json\/wp\/v2\/pages\/13\/revisions\/27"}],"wp:attachment":[{"href":"https:\/\/melancholia.fr\/racine\/wp-json\/wp\/v2\/media?parent=13"}],"curies":[{"name":"wp","href":"https:\/\/api.w.org\/{rel}","templated":true}]}}