{"id":27,"date":"2025-02-19T19:27:07","date_gmt":"2025-02-19T18:27:07","guid":{"rendered":"https:\/\/melancholia.fr\/portroyal\/?page_id=27"},"modified":"2025-02-19T19:27:07","modified_gmt":"2025-02-19T18:27:07","slug":"ecce-homo","status":"publish","type":"page","link":"https:\/\/melancholia.fr\/portroyal\/ecce-homo\/","title":{"rendered":"Ecce homo"},"content":{"rendered":"<p>Cet<em> Ecce homo<\/em> de Philippe de Champaigne illustre bien les contraintes et la puissance suggestive d&rsquo;un art inspir\u00e9 par la th\u00e9ologie de Port-Royal (cliquer sur le tableau pour l&rsquo;agrandir).<\/p>\n<p>Tout d&rsquo;abord, on constate le respect de Champaigne pour les Ecritures: \u00ab\u00a0J\u00e9sus parut donc avec la couronne d&rsquo;\u00e9pines et le manteau de pourpre et Pilate leur dit: &lsquo;Voici l&rsquo;homme&rsquo; \u00ab\u00a0(Jean, XIX, 15). Le peintre peint donc le Christ flagell\u00e9, assis dans le pr\u00e9toire, v\u00eatu des symboles d\u00e9risoires de royaut\u00e9 que les soldats lui ont conf\u00e9r\u00e9e par raillerie: le roseau en guise de sceptre, la couronne d&rsquo;\u00e9pines.<\/p>\n<p>Contrairement \u00e0 beaucoup de repr\u00e9sentations de cette sc\u00e8ne, nous voyons le Christ seul, et non conspu\u00e9 par les soldats: il est en m\u00e9ditation, tourn\u00e9 vers lui-m\u00eame, inattentif aux vanit\u00e9s ext\u00e9rieures.<\/p>\n<p>L&rsquo;absence de vie humaine, le d\u00e9cor froid et min\u00e9ral, l&rsquo;absence d&rsquo;objets superflus, tout concourt \u00e0 concentrer la sc\u00e8ne sur le Christ m\u00e9ditant avant sa crucifixion. Rien ne vient \u00ab\u00a0divertir\u00a0\u00bb les yeux: le tableau ne cherche pas \u00e0 d\u00e9lecter le regard, mais \u00e0 favoriser la m\u00e9ditation du spectateur, d&rsquo;o\u00f9 cette aust\u00e9rit\u00e9 voulue.<\/p>\n<p>\u00ab\u00a0L&rsquo;homme de douleur\u00a0\u00bb (ps. 53, 3), offert \u00e0 la vision avant d&rsquo;\u00eatre livr\u00e9 en p\u00e2ture \u00e0 la foule, est \u00e0 la fois \u00ab\u00a0objet de m\u00e9pris\u00a0\u00bb martyris\u00e9 et \u00ab\u00a0le plus beau des enfants des hommes\u00a0\u00bb: aussi est-ce un homme assis avec dignit\u00e9; les plis du drap\u00e9, la tenue des bras au-dessous des genoux contribuent \u00e0 nous pr\u00e9senter un Christ \u00e0 la fois simple et familier &#8212; il est homme &#8212; et n\u00e9anmoins, aux yeux de qui sait voir, majestueux dans sa souffrance &#8212; car il est aussi Dieu.<\/p>\n\n","protected":false},"excerpt":{"rendered":"<p>Cet Ecce homo de Philippe de Champaigne illustre bien les contraintes et la puissance suggestive d&rsquo;un art inspir\u00e9 par la th\u00e9ologie de Port-Royal (cliquer sur le tableau pour l&rsquo;agrandir). Tout d&rsquo;abord, on constate le respect de Champaigne pour les Ecritures: \u00ab\u00a0J\u00e9sus parut donc avec la couronne d&rsquo;\u00e9pines et le manteau de pourpre et Pilate leur &hellip; <a href=\"https:\/\/melancholia.fr\/portroyal\/ecce-homo\/\" class=\"more-link\">Continuer la lecture de <span class=\"screen-reader-text\">Ecce homo<\/span>  <span class=\"meta-nav\">&rarr;<\/span><\/a><\/p>\n","protected":false},"author":1,"featured_media":0,"parent":0,"menu_order":0,"comment_status":"closed","ping_status":"closed","template":"","meta":{"footnotes":""},"class_list":["post-27","page","type-page","status-publish","hentry"],"_links":{"self":[{"href":"https:\/\/melancholia.fr\/portroyal\/wp-json\/wp\/v2\/pages\/27","targetHints":{"allow":["GET"]}}],"collection":[{"href":"https:\/\/melancholia.fr\/portroyal\/wp-json\/wp\/v2\/pages"}],"about":[{"href":"https:\/\/melancholia.fr\/portroyal\/wp-json\/wp\/v2\/types\/page"}],"author":[{"embeddable":true,"href":"https:\/\/melancholia.fr\/portroyal\/wp-json\/wp\/v2\/users\/1"}],"replies":[{"embeddable":true,"href":"https:\/\/melancholia.fr\/portroyal\/wp-json\/wp\/v2\/comments?post=27"}],"version-history":[{"count":1,"href":"https:\/\/melancholia.fr\/portroyal\/wp-json\/wp\/v2\/pages\/27\/revisions"}],"predecessor-version":[{"id":28,"href":"https:\/\/melancholia.fr\/portroyal\/wp-json\/wp\/v2\/pages\/27\/revisions\/28"}],"wp:attachment":[{"href":"https:\/\/melancholia.fr\/portroyal\/wp-json\/wp\/v2\/media?parent=27"}],"curies":[{"name":"wp","href":"https:\/\/api.w.org\/{rel}","templated":true}]}}