{"id":202,"date":"2025-02-20T16:36:17","date_gmt":"2025-02-20T15:36:17","guid":{"rendered":"https:\/\/melancholia.fr\/portroyal\/?page_id=202"},"modified":"2025-02-20T16:36:17","modified_gmt":"2025-02-20T15:36:17","slug":"les-dates-clefs","status":"publish","type":"page","link":"https:\/\/melancholia.fr\/portroyal\/les-dates-clefs\/","title":{"rendered":"Les dates-clefs"},"content":{"rendered":"<p style=\"text-align: justify;\">L&rsquo;histoire de Port-Royal est ponctu\u00e9 de quelques \u00e9v\u00e9nements dramatiques dont le souvenir et la c\u00e9l\u00e9bration sont rest\u00e9s essentiels dans la constitution de la m\u00e9moire du \u00ab\u00a0jans\u00e9nisme\u00a0\u00bb.<\/p>\n","protected":false},"excerpt":{"rendered":"<p>L&rsquo;histoire de Port-Royal est ponctu\u00e9 de quelques \u00e9v\u00e9nements dramatiques dont le souvenir et la c\u00e9l\u00e9bration sont rest\u00e9s essentiels dans la constitution de la m\u00e9moire du \u00ab\u00a0jans\u00e9nisme\u00a0\u00bb.<\/p>\n","protected":false},"author":1,"featured_media":0,"parent":0,"menu_order":0,"comment_status":"closed","ping_status":"closed","template":"","meta":{"footnotes":""},"class_list":["post-202","page","type-page","status-publish","hentry"],"_links":{"self":[{"href":"https:\/\/melancholia.fr\/portroyal\/wp-json\/wp\/v2\/pages\/202","targetHints":{"allow":["GET"]}}],"collection":[{"href":"https:\/\/melancholia.fr\/portroyal\/wp-json\/wp\/v2\/pages"}],"about":[{"href":"https:\/\/melancholia.fr\/portroyal\/wp-json\/wp\/v2\/types\/page"}],"author":[{"embeddable":true,"href":"https:\/\/melancholia.fr\/portroyal\/wp-json\/wp\/v2\/users\/1"}],"replies":[{"embeddable":true,"href":"https:\/\/melancholia.fr\/portroyal\/wp-json\/wp\/v2\/comments?post=202"}],"version-history":[{"count":1,"href":"https:\/\/melancholia.fr\/portroyal\/wp-json\/wp\/v2\/pages\/202\/revisions"}],"predecessor-version":[{"id":204,"href":"https:\/\/melancholia.fr\/portroyal\/wp-json\/wp\/v2\/pages\/202\/revisions\/204"}],"wp:attachment":[{"href":"https:\/\/melancholia.fr\/portroyal\/wp-json\/wp\/v2\/media?parent=202"}],"curies":[{"name":"wp","href":"https:\/\/api.w.org\/{rel}","templated":true}]}}