{"id":34,"date":"2022-09-11T17:47:52","date_gmt":"2022-09-11T15:47:52","guid":{"rendered":"https:\/\/melancholia.fr\/melusine\/?page_id=34"},"modified":"2024-07-23T10:13:48","modified_gmt":"2024-07-23T08:13:48","slug":"francois-nodot-histoire-de-melusine-1698","status":"publish","type":"page","link":"https:\/\/melancholia.fr\/melusine\/","title":{"rendered":"M\u00e9lusine \u00e0 Versailles"},"content":{"rendered":"<p><strong>Fran\u00e7ois Nodot, <em>Histoire de M\u00e9lusine<\/em> (1698) suivie de l&#8217;<em>Histoire de Geoffroy<\/em> (1700)<\/strong><\/p>\n<p><a href=\"https:\/\/i0.wp.com\/melancholia.fr\/melusine\/wp-content\/uploads\/2022\/09\/melu_gros_plan.jpg?ssl=1\"><img loading=\"lazy\" decoding=\"async\" class=\"wp-image-1163 size-thumbnail alignleft\" src=\"https:\/\/i0.wp.com\/melancholia.fr\/melusine\/wp-content\/uploads\/2022\/09\/melu_gros_plan.jpg?resize=150%2C150&#038;ssl=1\" alt=\"\" width=\"150\" height=\"150\" srcset=\"https:\/\/i0.wp.com\/melancholia.fr\/melusine\/wp-content\/uploads\/2022\/09\/melu_gros_plan.jpg?resize=150%2C150&amp;ssl=1 150w, https:\/\/i0.wp.com\/melancholia.fr\/melusine\/wp-content\/uploads\/2022\/09\/melu_gros_plan.jpg?zoom=2&amp;resize=150%2C150&amp;ssl=1 300w\" sizes=\"auto, (max-width: 150px) 100vw, 150px\" data-recalc-dims=\"1\" \/><\/a><\/p>\n<p style=\"text-align: justify;\">M\u00e9lusine, la f\u00e9e-serpente, est issue d&#8217;un vieux fonds folklorique m\u00e9di\u00e9val. Elle doit sa c\u00e9l\u00e9brit\u00e9, et peut-\u00eatre son nom, \u00e0 Jean d&#8217;Arras, qui v\u00e9cut \u00e0 la cour de Berry \u00e0 la fin du XIV<sup>e<\/sup> si\u00e8cle. A l&#8217;instigation de Jean de Berry et de sa soeur, la duchesse de Bar Marie de France, Jean d&#8217;Arras fit para\u00eetre en 1393 un roman en prose, <em>M\u00e9lusine. La noble histoire des Lusignan,<\/em> destin\u00e9 \u00e0 glorifier la famille des Lusignan, dont Jean de Berry, comte de Poitou, s&#8217;estimait successeur apr\u00e8s avoir pris la province aux Anglais. Or, les Lusignan, qui r\u00e9gn\u00e8rent sur Chypre et J\u00e9rusalem au temps des croisades, \u00e9taient cens\u00e9s avoir pour anc\u00eatre la f\u00e9e du Poitou : c\u00e9l\u00e9brer M\u00e9lusine, anc\u00eatre de la maison de Poitou, revenait rattacher le comte \u00e0 cette prestigieuse lign\u00e9e.\u00a0 Quelques ann\u00e9es plus tard, au d\u00e9but du XV<sup>e<\/sup> si\u00e8cle, circulera une version en vers de cette l\u00e9gende, attribu\u00e9e \u00e0 Coudrette, et celle-ci commandit\u00e9e par les partisans des Anglais.<\/p>\n<p style=\"text-align: justify;\">M\u00e9lusine avait ainsi gagn\u00e9 ses titres de noblesse \u00e0 la faveur de la Guerre de Cent Ans. Pourtant, issue de la culture populaire, M\u00e9lusine \u00e9tait destin\u00e9e \u00e0 y retourner : le roman de Jean d&#8217;Arras, maintes fois reproduit apr\u00e8s l&#8217;invention de l&#8217;imprimerie, connut un immense succ\u00e8s au XVIIe si\u00e8cle gr\u00e2ce aux \u00e9ditions dites de colportage, vendues sous papier bleu \u00e0 tr\u00e8s bon march\u00e9\u00a0 \u00e0 travers toute la France par des marchands ambulants. Cette diffusion accrut la popularit\u00e9 de la f\u00e9e: elle devint une r\u00e9f\u00e9rence partag\u00e9e de la<em> culture pop<\/em> de l&#8217;\u00e2ge classique. Les t\u00e9moignages attestant la c\u00e9l\u00e9brit\u00e9 de M\u00e9lusine au XVII<sup>e<\/sup> si\u00e8cle sont nombreux. Ainsi, Claude Perrault nous rapporte ainsi qu&#8217;\u00e0 Poitiers, des guides officieux montraient aux touristes de passage les fontaines et ch\u00e2teaux fr\u00e9quent\u00e9s autrefois par la ma\u00eetresse des lieux<sup><a href=\"#footnote_0_34\" id=\"identifier_0_34\" class=\"footnote-link footnote-identifier-link\" title=\"Voir le texte, et la pr&eacute;face de Arnauld Le Brusq : Claude Perrault, Voyage &agrave; Bordeaux, Paris, Insulaire, 2000, r&eacute;&eacute;d. 2010. Cit&eacute; sur: cette page&nbsp;\">1<\/a><\/sup> . De m\u00eame, pendant longtemps, les p\u00e2tissiers de la r\u00e9gion propos\u00e8rent des &#8220;m\u00e9lusines&#8221;, sortes de brioches auxquelles on donnait une forme de sir\u00e8ne<sup><a href=\"#footnote_1_34\" id=\"identifier_1_34\" class=\"footnote-link footnote-identifier-link\" title=\"Voir Louis-Fran&ccedil;ois-Marie1 Bellin de La Liborli&egrave;re, &ldquo;Rapport sur des g&acirc;teaux d&rsquo;une forme particuli&egrave;re &mdash; notice sur M&eacute;lusine&rdquo;, in&nbsp;Bulletins de la Soci&eacute;t&eacute; des Antiquaires de l&rsquo;Ouest, ann&eacute;es 1838-1840, Poitiers, Fradet et Barbier, 1840, p. 51-66.\">2<\/a><\/sup><\/p>\n<p><a href=\"https:\/\/i0.wp.com\/melancholia.fr\/melusine\/wp-content\/uploads\/2022\/09\/melusine_troyes_1699-1.jpg?ssl=1\"><img loading=\"lazy\" decoding=\"async\" class=\"wp-image-1153 size-medium aligncenter\" src=\"https:\/\/i0.wp.com\/melancholia.fr\/melusine\/wp-content\/uploads\/2022\/09\/melusine_troyes_1699-1.jpg?resize=219%2C300&#038;ssl=1\" alt=\"\" width=\"219\" height=\"300\" srcset=\"https:\/\/i0.wp.com\/melancholia.fr\/melusine\/wp-content\/uploads\/2022\/09\/melusine_troyes_1699-1.jpg?resize=219%2C300&amp;ssl=1 219w, https:\/\/i0.wp.com\/melancholia.fr\/melusine\/wp-content\/uploads\/2022\/09\/melusine_troyes_1699-1.jpg?w=490&amp;ssl=1 490w\" sizes=\"auto, (max-width: 219px) 100vw, 219px\" data-recalc-dims=\"1\" \/><\/a><\/p>\n<p style=\"text-align: justify;\">Mais l&#8217;\u00e9lite n&#8217;oublia jamais non plus l&#8217;illustre f\u00e9e du Poitou\u00a0 : on la rencontre aussi bien dans la g\u00e9n\u00e9alogie de La Rochefoucauld, <a href=\"https:\/\/youtu.be\/Vp46Xk2D5So\">comme nous le rappelle Laurence Plazenet<\/a>, que dans la correspondance de Madame de S\u00e9vign\u00e9 &#8212; la malicieuse \u00e9pistoli\u00e8re affuble du sobriquet de <em>M\u00e9lusine <\/em>la pauvre Madame de Marans.<\/p>\n<p style=\"text-align: justify;\">C&#8217;est \u00e9videmment au plus fort de la mode du conte de f\u00e9es litt\u00e9raire, dans la d\u00e9cennie 1690-1700, que la cr\u00e9ature merveilleuse et maudite connut un grand regain de popularit\u00e9. Aux yeux des conteurs et des conteuses, qui la mentionnent souvent, M\u00e9lusine jouit d&#8217;un prestige aristocratique et m\u00e9di\u00e9val, et b\u00e9n\u00e9ficie de l&#8217;aura que conf\u00e8re une longue tradition litt\u00e9raire. Elle se distingue par l\u00e0 des humbles f\u00e9es des contes folkloriques de transmission orale : \u00ab Hors M\u00e9lusine, et quelques demi-douzaines de ses semblables, tout le reste n\u2019\u00e9tait que des gueuses \u00bb, estime par exemple la comtesse de Murat dans son <em>Ep\u00eetre aux f\u00e9es modernes<\/em> (1698).<\/p>\n<p style=\"text-align: justify;\">Aussi Fran\u00e7ois Nodot, par ailleurs intendant des arm\u00e9es et faussaire \u00e0 ses heures, dut-il estimer que le temps \u00e9tait propice \u00e0 une adaptation de <em>l&#8217;Histoire de M\u00e9lusine.<\/em> Au moment o\u00f9 Charles Perrault et Madame d&#8217;Aulnoy publiaient leurs recueils de contes, il s&#8217;employa\u00a0 de son c\u00f4t\u00e9 \u00e0 r\u00e9\u00e9crire <em>l&#8217;Histoire de M\u00e9lusine<\/em> en vue de plaire au public mondain qui raffolait alors des f\u00e9es m\u00e9di\u00e9vales et des preux chevaliers. Son adaptation, qui voit le jour en 1698, est accompagn\u00e9e deux ans plus tard d&#8217;une suite, <em>L&#8217;Histoire de Geoffroy, fils de M\u00e9lusine, chevalier \u00e0 la grand&#8217;dent<\/em>, elle aussi inspir\u00e9e \u00e0 la fois par Jean d&#8217;Arras et par les \u00e9ditions de colportage.<\/p>\n<p style=\"text-align: justify;\">Ces deux ouvrages \u00e9tonnants manifestent \u00e0 quel point la p\u00e9riode dite &#8220;classique&#8221; a \u00e9prouv\u00e9 une fascination nostalgique pour les s\u00e9ductions d&#8217;un Moyen-\u00c2ge de fantaisie<sup><a href=\"#footnote_2_34\" id=\"identifier_2_34\" class=\"footnote-link footnote-identifier-link\" title=\"Voir sur ce point Marine Roussillon, Don Quichotte &agrave; Versailles: L&rsquo;imaginaire m&eacute;di&eacute;val du Grand Si&egrave;cle, Champvallon, 2022.\">3<\/a><\/sup> .\u00a0 Dans les livres de Nodot, l&#8217;histoire de la f\u00e9e serpentine se m\u00eale aux aventures bigarr\u00e9es v\u00e9cues par sa prog\u00e9niture hors du commun au temps des croisades : les Lusignan c\u00f4toient en Terre sainte Richard Coeur de Lion et Philippe Auguste, conqui\u00e8rent Chypre et J\u00e9rusalem, et d\u00e9couvrent, dissimul\u00e9s dans un tombeau au milieu du d\u00e9sert, les secrets de magie du roi Salomon. Page apr\u00e8s page, ce ne sont que f\u00eates et tournois, magie et sortil\u00e8ges, trahisons, combats h\u00e9ro\u00efques, intrigues politiques et amours impossibles. Nul doute que lectrices et lecteurs peuvent encore prendre plaisir, aujourd&#8217;hui, \u00e0 d\u00e9couvrir cette version de l&#8217;Histoire de M\u00e9lusine, versaillaise et galante, m\u00e2tin\u00e9e d&#8217;influences cabalistiques, mais sans rien perdre de la puissance du mythe ancestral.<\/p>\n<p style=\"text-align: justify;\">Le pr\u00e9sent site propose des \u00e9ditions diplomatiques de ces textes, proches du texte original, et d\u00e9pourvues d&#8217;appareil critique. Une \u00e9dition en fran\u00e7ais modernis\u00e9, pourvue d&#8217;une importante annotation, de glossaires, de cartes et d&#8217;index, para\u00eetra prochainement aux Editions Honor\u00e9 Champion.<\/p>\n<p>&nbsp;<\/p>\n<p><a style=\"font-weight: bold; background-color: transparent;\" href=\"https:\/\/i0.wp.com\/melancholia.fr\/melusine\/wp-content\/uploads\/2022\/09\/frontispice_nodot.jpg?ssl=1\"><img loading=\"lazy\" decoding=\"async\" class=\"wp-image-1158 size-medium aligncenter\" src=\"https:\/\/i0.wp.com\/melancholia.fr\/melusine\/wp-content\/uploads\/2022\/09\/frontispice_nodot.jpg?resize=182%2C300&#038;ssl=1\" alt=\"\" width=\"182\" height=\"300\" srcset=\"https:\/\/i0.wp.com\/melancholia.fr\/melusine\/wp-content\/uploads\/2022\/09\/frontispice_nodot.jpg?resize=182%2C300&amp;ssl=1 182w, https:\/\/i0.wp.com\/melancholia.fr\/melusine\/wp-content\/uploads\/2022\/09\/frontispice_nodot.jpg?resize=620%2C1024&amp;ssl=1 620w, https:\/\/i0.wp.com\/melancholia.fr\/melusine\/wp-content\/uploads\/2022\/09\/frontispice_nodot.jpg?resize=768%2C1268&amp;ssl=1 768w, https:\/\/i0.wp.com\/melancholia.fr\/melusine\/wp-content\/uploads\/2022\/09\/frontispice_nodot.jpg?w=802&amp;ssl=1 802w\" sizes=\"auto, (max-width: 182px) 100vw, 182px\" data-recalc-dims=\"1\" \/><\/a><\/p>\n<p style=\"text-align: center;\">Frontispice de l&#8217;Histoire de M\u00e9lusine de Fran\u00e7ois Nodot<\/p>\n<p style=\"text-align: center;\">\n<ol class=\"footnotes\"><li id=\"footnote_0_34\" class=\"footnote\"> Voir le texte, et la pr\u00e9face de Arnauld Le Brusq : Claude Perrault, <i>Voyage \u00e0 Bordeaux<\/i>, Paris, Insulaire, 2000, r\u00e9\u00e9d. 2010. Cit\u00e9 sur: <a href=\"https:\/\/merveilles.hypotheses.org\/395\">cette page<\/a>\u00a0 <span class=\"footnote-back-link-wrapper\"> [<a href=\"#identifier_0_34\" class=\"footnote-link footnote-back-link\">&#8617;<\/a>]<\/span><\/li><li id=\"footnote_1_34\" class=\"footnote\"> Voir Louis-Fran\u00e7ois-Marie1 Bellin de La Liborli\u00e8re, &#8220;Rapport sur des g\u00e2teaux d&#8217;une forme particuli\u00e8re &#8212; notice sur M\u00e9lusine&#8221;, <em>in<\/em>\u00a0<em>Bulletins de la Soci\u00e9t\u00e9 des Antiquaires de l&#8217;Ouest<\/em>, ann\u00e9es 1838-1840, Poitiers, Fradet et Barbier, 1840, p. 51-66. <span class=\"footnote-back-link-wrapper\"> [<a href=\"#identifier_1_34\" class=\"footnote-link footnote-back-link\">&#8617;<\/a>]<\/span><\/li><li id=\"footnote_2_34\" class=\"footnote\"> Voir sur ce point Marine Roussillon, <em>Don Quichotte \u00e0 Versailles: L&#8217;imaginaire m\u00e9di\u00e9val du Grand Si\u00e8cle<\/em>, Champvallon, 2022. <span class=\"footnote-back-link-wrapper\"> [<a href=\"#identifier_2_34\" class=\"footnote-link footnote-back-link\">&#8617;<\/a>]<\/span><\/li><\/ol>","protected":false},"excerpt":{"rendered":"<p>Fran\u00e7ois Nodot, Histoire de M\u00e9lusine (1698) suivie de l&#8217;Histoire de Geoffroy (1700) M\u00e9lusine, la f\u00e9e-serpente, est issue d&#8217;un vieux fonds folklorique m\u00e9di\u00e9val. Elle doit sa c\u00e9l\u00e9brit\u00e9, et peut-\u00eatre son nom, \u00e0 Jean d&#8217;Arras, qui v\u00e9cut \u00e0 la cour de Berry \u00e0 la fin du XIVe si\u00e8cle. A l&#8217;instigation de Jean de Berry et de sa &hellip; <a href=\"https:\/\/melancholia.fr\/melusine\/\" class=\"more-link\">Continuer la lecture de <span class=\"screen-reader-text\">M\u00e9lusine \u00e0 Versailles<\/span> <span class=\"meta-nav\">&rarr;<\/span><\/a><\/p>\n","protected":false},"author":1,"featured_media":0,"parent":0,"menu_order":0,"comment_status":"closed","ping_status":"closed","template":"","meta":{"footnotes":""},"class_list":["post-34","page","type-page","status-publish","hentry"],"_links":{"self":[{"href":"https:\/\/melancholia.fr\/melusine\/wp-json\/wp\/v2\/pages\/34","targetHints":{"allow":["GET"]}}],"collection":[{"href":"https:\/\/melancholia.fr\/melusine\/wp-json\/wp\/v2\/pages"}],"about":[{"href":"https:\/\/melancholia.fr\/melusine\/wp-json\/wp\/v2\/types\/page"}],"author":[{"embeddable":true,"href":"https:\/\/melancholia.fr\/melusine\/wp-json\/wp\/v2\/users\/1"}],"replies":[{"embeddable":true,"href":"https:\/\/melancholia.fr\/melusine\/wp-json\/wp\/v2\/comments?post=34"}],"version-history":[{"count":44,"href":"https:\/\/melancholia.fr\/melusine\/wp-json\/wp\/v2\/pages\/34\/revisions"}],"predecessor-version":[{"id":1452,"href":"https:\/\/melancholia.fr\/melusine\/wp-json\/wp\/v2\/pages\/34\/revisions\/1452"}],"wp:attachment":[{"href":"https:\/\/melancholia.fr\/melusine\/wp-json\/wp\/v2\/media?parent=34"}],"curies":[{"name":"wp","href":"https:\/\/api.w.org\/{rel}","templated":true}]}}

Mélusine à Versailles

<p><strong>François Nodot, <em>Histoire de Mélusine</em> (1698) suivie de l&#8217;<em>Histoire de Geoffroy</em> (1700)</strong></p>
<p><a href="https://i0.wp.com/melancholia.fr/melusine/wp-content/uploads/2022/09/melu_gros_plan.jpg?ssl=1"><img loading="lazy" decoding="async" class="wp-image-1163 size-thumbnail alignleft" src="https://i0.wp.com/melancholia.fr/melusine/wp-content/uploads/2022/09/melu_gros_plan.jpg?resize=150%2C150&#038;ssl=1" alt="" width="150" height="150" srcset="https://i0.wp.com/melancholia.fr/melusine/wp-content/uploads/2022/09/melu_gros_plan.jpg?resize=150%2C150&amp;ssl=1 150w, https://i0.wp.com/melancholia.fr/melusine/wp-content/uploads/2022/09/melu_gros_plan.jpg?zoom=2&amp;resize=150%2C150&amp;ssl=1 300w" sizes="auto, (max-width: 150px) 100vw, 150px" data-recalc-dims="1" /></a></p>
<p style="text-align: justify;">Mélusine, la fée-serpente, est issue d&#8217;un vieux fonds folklorique médiéval. Elle doit sa célébrité, et peut-être son nom, à Jean d&#8217;Arras, qui vécut à la cour de Berry à la fin du XIV<sup>e</sup> siècle. A l&#8217;instigation de Jean de Berry et de sa soeur, la duchesse de Bar Marie de France, Jean d&#8217;Arras fit paraître en 1393 un roman en prose, <em>Mélusine. La noble histoire des Lusignan,</em> destiné à glorifier la famille des Lusignan, dont Jean de Berry, comte de Poitou, s&#8217;estimait successeur après avoir pris la province aux Anglais. Or, les Lusignan, qui régnèrent sur Chypre et Jérusalem au temps des croisades, étaient censés avoir pour ancêtre la fée du Poitou : célébrer Mélusine, ancêtre de la maison de Poitou, revenait rattacher le comte à cette prestigieuse lignée.  Quelques années plus tard, au début du XV<sup>e</sup> siècle, circulera une version en vers de cette légende, attribuée à Coudrette, et celle-ci commanditée par les partisans des Anglais.</p>
<p style="text-align: justify;">Mélusine avait ainsi gagné ses titres de noblesse à la faveur de la Guerre de Cent Ans. Pourtant, issue de la culture populaire, Mélusine était destinée à y retourner : le roman de Jean d&#8217;Arras, maintes fois reproduit après l&#8217;invention de l&#8217;imprimerie, connut un immense succès au XVIIe siècle grâce aux éditions dites de colportage, vendues sous papier bleu à très bon marché  à travers toute la France par des marchands ambulants. Cette diffusion accrut la popularité de la fée: elle devint une référence partagée de la<em> culture pop</em> de l&#8217;âge classique. Les témoignages attestant la célébrité de Mélusine au XVII<sup>e</sup> siècle sont nombreux. Ainsi, Claude Perrault nous rapporte ainsi qu&#8217;à Poitiers, des guides officieux montraient aux touristes de passage les fontaines et châteaux fréquentés autrefois par la maîtresse des lieux<sup><a href="#footnote_0_34" id="identifier_0_34" class="footnote-link footnote-identifier-link" title="Voir le texte, et la pr&eacute;face de Arnauld Le Brusq : Claude Perrault, Voyage &agrave; Bordeaux, Paris, Insulaire, 2000, r&eacute;&eacute;d. 2010. Cit&eacute; sur: cette page&nbsp;">1</a></sup> . De même, pendant longtemps, les pâtissiers de la région proposèrent des &#8220;mélusines&#8221;, sortes de brioches auxquelles on donnait une forme de sirène<sup><a href="#footnote_1_34" id="identifier_1_34" class="footnote-link footnote-identifier-link" title="Voir Louis-Fran&ccedil;ois-Marie1 Bellin de La Liborli&egrave;re, &ldquo;Rapport sur des g&acirc;teaux d&rsquo;une forme particuli&egrave;re &mdash; notice sur M&eacute;lusine&rdquo;, in&nbsp;Bulletins de la Soci&eacute;t&eacute; des Antiquaires de l&rsquo;Ouest, ann&eacute;es 1838-1840, Poitiers, Fradet et Barbier, 1840, p. 51-66.">2</a></sup></p>
<p><a href="https://i0.wp.com/melancholia.fr/melusine/wp-content/uploads/2022/09/melusine_troyes_1699-1.jpg?ssl=1"><img loading="lazy" decoding="async" class="wp-image-1153 size-medium aligncenter" src="https://i0.wp.com/melancholia.fr/melusine/wp-content/uploads/2022/09/melusine_troyes_1699-1.jpg?resize=219%2C300&#038;ssl=1" alt="" width="219" height="300" srcset="https://i0.wp.com/melancholia.fr/melusine/wp-content/uploads/2022/09/melusine_troyes_1699-1.jpg?resize=219%2C300&amp;ssl=1 219w, https://i0.wp.com/melancholia.fr/melusine/wp-content/uploads/2022/09/melusine_troyes_1699-1.jpg?w=490&amp;ssl=1 490w" sizes="auto, (max-width: 219px) 100vw, 219px" data-recalc-dims="1" /></a></p>
<p style="text-align: justify;">Mais l&#8217;élite n&#8217;oublia jamais non plus l&#8217;illustre fée du Poitou  : on la rencontre aussi bien dans la généalogie de La Rochefoucauld, <a href="https://youtu.be/Vp46Xk2D5So">comme nous le rappelle Laurence Plazenet</a>, que dans la correspondance de Madame de Sévigné &#8212; la malicieuse épistolière affuble du sobriquet de <em>Mélusine </em>la pauvre Madame de Marans.</p>
<p style="text-align: justify;">C&#8217;est évidemment au plus fort de la mode du conte de fées littéraire, dans la décennie 1690-1700, que la créature merveilleuse et maudite connut un grand regain de popularité. Aux yeux des conteurs et des conteuses, qui la mentionnent souvent, Mélusine jouit d&#8217;un prestige aristocratique et médiéval, et bénéficie de l&#8217;aura que confère une longue tradition littéraire. Elle se distingue par là des humbles fées des contes folkloriques de transmission orale : « Hors Mélusine, et quelques demi-douzaines de ses semblables, tout le reste n’était que des gueuses », estime par exemple la comtesse de Murat dans son <em>Epître aux fées modernes</em> (1698).</p>
<p style="text-align: justify;">Aussi François Nodot, par ailleurs intendant des armées et faussaire à ses heures, dut-il estimer que le temps était propice à une adaptation de <em>l&#8217;Histoire de Mélusine.</em> Au moment où Charles Perrault et Madame d&#8217;Aulnoy publiaient leurs recueils de contes, il s&#8217;employa  de son côté à réécrire <em>l&#8217;Histoire de Mélusine</em> en vue de plaire au public mondain qui raffolait alors des fées médiévales et des preux chevaliers. Son adaptation, qui voit le jour en 1698, est accompagnée deux ans plus tard d&#8217;une suite, <em>L&#8217;Histoire de Geoffroy, fils de Mélusine, chevalier à la grand&#8217;dent</em>, elle aussi inspirée à la fois par Jean d&#8217;Arras et par les éditions de colportage.</p>
<p style="text-align: justify;">Ces deux ouvrages étonnants manifestent à quel point la période dite &#8220;classique&#8221; a éprouvé une fascination nostalgique pour les séductions d&#8217;un Moyen-Âge de fantaisie<sup><a href="#footnote_2_34" id="identifier_2_34" class="footnote-link footnote-identifier-link" title="Voir sur ce point Marine Roussillon, Don Quichotte &agrave; Versailles: L&rsquo;imaginaire m&eacute;di&eacute;val du Grand Si&egrave;cle, Champvallon, 2022.">3</a></sup> .  Dans les livres de Nodot, l&#8217;histoire de la fée serpentine se mêle aux aventures bigarrées vécues par sa progéniture hors du commun au temps des croisades : les Lusignan côtoient en Terre sainte Richard Coeur de Lion et Philippe Auguste, conquièrent Chypre et Jérusalem, et découvrent, dissimulés dans un tombeau au milieu du désert, les secrets de magie du roi Salomon. Page après page, ce ne sont que fêtes et tournois, magie et sortilèges, trahisons, combats héroïques, intrigues politiques et amours impossibles. Nul doute que lectrices et lecteurs peuvent encore prendre plaisir, aujourd&#8217;hui, à découvrir cette version de l&#8217;Histoire de Mélusine, versaillaise et galante, mâtinée d&#8217;influences cabalistiques, mais sans rien perdre de la puissance du mythe ancestral.</p>
<p style="text-align: justify;">Le présent site propose des éditions diplomatiques de ces textes, proches du texte original, et dépourvues d&#8217;appareil critique. Une édition en français modernisé, pourvue d&#8217;une importante annotation, de glossaires, de cartes et d&#8217;index, paraîtra prochainement aux Editions Honoré Champion.</p>
<p>&nbsp;</p>
<p><a style="font-weight: bold; background-color: transparent;" href="https://i0.wp.com/melancholia.fr/melusine/wp-content/uploads/2022/09/frontispice_nodot.jpg?ssl=1"><img loading="lazy" decoding="async" class="wp-image-1158 size-medium aligncenter" src="https://i0.wp.com/melancholia.fr/melusine/wp-content/uploads/2022/09/frontispice_nodot.jpg?resize=182%2C300&#038;ssl=1" alt="" width="182" height="300" srcset="https://i0.wp.com/melancholia.fr/melusine/wp-content/uploads/2022/09/frontispice_nodot.jpg?resize=182%2C300&amp;ssl=1 182w, https://i0.wp.com/melancholia.fr/melusine/wp-content/uploads/2022/09/frontispice_nodot.jpg?resize=620%2C1024&amp;ssl=1 620w, https://i0.wp.com/melancholia.fr/melusine/wp-content/uploads/2022/09/frontispice_nodot.jpg?resize=768%2C1268&amp;ssl=1 768w, https://i0.wp.com/melancholia.fr/melusine/wp-content/uploads/2022/09/frontispice_nodot.jpg?w=802&amp;ssl=1 802w" sizes="auto, (max-width: 182px) 100vw, 182px" data-recalc-dims="1" /></a></p>
<p style="text-align: center;">Frontispice de l&#8217;Histoire de Mélusine de François Nodot</p>
<p style="text-align: center;">
<ol class="footnotes"><li id="footnote_0_34" class="footnote"> Voir le texte, et la préface de Arnauld Le Brusq : Claude Perrault, <i>Voyage à Bordeaux</i>, Paris, Insulaire, 2000, rééd. 2010. Cité sur: <a href="https://merveilles.hypotheses.org/395">cette page</a>  <span class="footnote-back-link-wrapper"> [<a href="#identifier_0_34" class="footnote-link footnote-back-link">&#8617;</a>]</span></li><li id="footnote_1_34" class="footnote"> Voir Louis-François-Marie1 Bellin de La Liborlière, &#8220;Rapport sur des gâteaux d&#8217;une forme particulière &#8212; notice sur Mélusine&#8221;, <em>in</em> <em>Bulletins de la Société des Antiquaires de l&#8217;Ouest</em>, années 1838-1840, Poitiers, Fradet et Barbier, 1840, p. 51-66. <span class="footnote-back-link-wrapper"> [<a href="#identifier_1_34" class="footnote-link footnote-back-link">&#8617;</a>]</span></li><li id="footnote_2_34" class="footnote"> Voir sur ce point Marine Roussillon, <em>Don Quichotte à Versailles: L&#8217;imaginaire médiéval du Grand Siècle</em>, Champvallon, 2022. <span class="footnote-back-link-wrapper"> [<a href="#identifier_2_34" class="footnote-link footnote-back-link">&#8617;</a>]</span></li></ol>

<p>François Nodot, Histoire de Mélusine (1698) suivie de l&#8217;Histoire de Geoffroy (1700) Mélusine, la fée-serpente, est issue d&#8217;un vieux fonds folklorique médiéval. Elle doit sa célébrité, et peut-être son nom, à Jean d&#8217;Arras, qui vécut à la cour de Berry à la fin du XIVe siècle. A l&#8217;instigation de Jean de Berry et de sa &hellip; <a href="https://melancholia.fr/melusine/" class="more-link">Continuer la lecture de <span class="screen-reader-text">Mélusine à Versailles</span> <span class="meta-nav">&rarr;</span></a></p>
